{"id":2627,"date":"2022-12-26T14:51:39","date_gmt":"2022-12-26T14:51:39","guid":{"rendered":"https:\/\/emocardio.com\/?page_id=2627"},"modified":"2023-01-03T10:01:25","modified_gmt":"2023-01-03T10:01:25","slug":"bilim-dunyasindan","status":"publish","type":"page","link":"https:\/\/emocardio.com\/?page_id=2627","title":{"rendered":"Bilim D\u00fcnyas\u0131ndan"},"content":{"rendered":"\t\t<div data-elementor-type=\"wp-page\" data-elementor-id=\"2627\" class=\"elementor elementor-2627\">\n\t\t\t\t\t\t<section class=\"elementor-section elementor-top-section elementor-element elementor-element-6863bf1 elementor-section-height-min-height elementor-section-boxed elementor-section-height-default elementor-section-items-middle wpr-particle-no wpr-jarallax-no wpr-parallax-no wpr-sticky-section-no\" data-id=\"6863bf1\" data-element_type=\"section\" data-settings=\"{&quot;background_background&quot;:&quot;classic&quot;}\">\n\t\t\t\t\t\t\t<div class=\"elementor-background-overlay\"><\/div>\n\t\t\t\t\t\t\t<div class=\"elementor-container elementor-column-gap-default\">\n\t\t\t\t\t<div class=\"elementor-column elementor-col-100 elementor-top-column elementor-element elementor-element-4e918ce\" data-id=\"4e918ce\" data-element_type=\"column\">\n\t\t\t<div class=\"elementor-widget-wrap elementor-element-populated\">\n\t\t\t\t\t\t<div class=\"elementor-element elementor-element-c6b9a6c elementor-widget elementor-widget-heading\" data-id=\"c6b9a6c\" data-element_type=\"widget\" data-widget_type=\"heading.default\">\n\t\t\t\t<div class=\"elementor-widget-container\">\n\t\t\t<h2 class=\"elementor-heading-title elementor-size-default\">Bilim D\u00fcnyas\u0131ndan<\/h2>\t\t<\/div>\n\t\t\t\t<\/div>\n\t\t\t\t\t<\/div>\n\t\t<\/div>\n\t\t\t\t\t<\/div>\n\t\t<\/section>\n\t\t\t\t<section class=\"elementor-section elementor-top-section elementor-element elementor-element-a5b2d5e elementor-section-boxed elementor-section-height-default elementor-section-height-default wpr-particle-no wpr-jarallax-no wpr-parallax-no wpr-sticky-section-no\" data-id=\"a5b2d5e\" data-element_type=\"section\">\n\t\t\t\t\t\t<div class=\"elementor-container elementor-column-gap-default\">\n\t\t\t\t\t<div class=\"elementor-column elementor-col-100 elementor-top-column elementor-element elementor-element-cfa0390\" data-id=\"cfa0390\" data-element_type=\"column\">\n\t\t\t<div class=\"elementor-widget-wrap elementor-element-populated\">\n\t\t\t\t\t\t<div class=\"elementor-element elementor-element-e8d622a wpr-grid-columns-3 wpr-grid-columns--tablet2 wpr-grid-columns--mobile1 wpr-grid-pagination-center wpr-item-styles-inner elementor-widget elementor-widget-wpr-grid\" data-id=\"e8d622a\" data-element_type=\"widget\" data-widget_type=\"wpr-grid.default\">\n\t\t\t\t<div class=\"elementor-widget-container\">\n\t\t\t<ul class=\"wpr-grid-filters elementor-clearfix wpr-grid-filters-sep-right\"><li class=\" wpr-pointer-none wpr-pointer-line-fx wpr-pointer-fx-none\"><span data-filter=\"*\" class=\"wpr-active-filter \">All Post<\/span><em class=\"wpr-grid-filters-sep\"><\/em><\/li><li class=\" wpr-pointer-none wpr-pointer-line-fx wpr-pointer-fx-none\"><span  data-filter=\".category-bilim-dunyasindan\">Bilim D\u00fcnyas\u0131ndan<\/span><em class=\"wpr-grid-filters-sep\"><\/em><\/li><\/ul><section class=\"wpr-grid elementor-clearfix\" data-settings=\"{&quot;layout&quot;:&quot;fitRows&quot;,&quot;stick_last_element_to_bottom&quot;:&quot;&quot;,&quot;columns_desktop&quot;:3,&quot;gutter_hr&quot;:15,&quot;gutter_hr_mobile&quot;:15,&quot;gutter_hr_mobile_extra&quot;:15,&quot;gutter_hr_tablet&quot;:15,&quot;gutter_hr_tablet_extra&quot;:15,&quot;gutter_hr_laptop&quot;:15,&quot;gutter_hr_widescreen&quot;:15,&quot;gutter_vr&quot;:15,&quot;gutter_vr_mobile&quot;:15,&quot;gutter_vr_mobile_extra&quot;:15,&quot;gutter_vr_tablet&quot;:15,&quot;gutter_vr_tablet_extra&quot;:15,&quot;gutter_vr_laptop&quot;:15,&quot;gutter_vr_widescreen&quot;:15,&quot;animation&quot;:&quot;default&quot;,&quot;animation_duration&quot;:0.3,&quot;animation_delay&quot;:0.1,&quot;deeplinking&quot;:&quot;&quot;,&quot;filters_linkable&quot;:&quot;no&quot;,&quot;filters_default_filter&quot;:&quot;&quot;,&quot;filters_count&quot;:&quot;&quot;,&quot;filters_hide_empty&quot;:&quot;no&quot;,&quot;filters_animation&quot;:&quot;default&quot;,&quot;filters_animation_duration&quot;:0.3,&quot;filters_animation_delay&quot;:0.1,&quot;pagination_type&quot;:&quot;load-more&quot;,&quot;pagination_max_pages&quot;:1,&quot;lightbox&quot;:{&quot;selector&quot;:&quot;.wpr-grid-image-wrap&quot;,&quot;iframeMaxWidth&quot;:&quot;60%&quot;,&quot;hash&quot;:false,&quot;autoplay&quot;:&quot;true&quot;,&quot;pause&quot;:5000,&quot;progressBar&quot;:&quot;true&quot;,&quot;counter&quot;:&quot;true&quot;,&quot;controls&quot;:&quot;true&quot;,&quot;getCaptionFromTitleOrAlt&quot;:&quot;true&quot;,&quot;thumbnail&quot;:&quot;&quot;,&quot;showThumbByDefault&quot;:&quot;&quot;,&quot;share&quot;:&quot;&quot;,&quot;zoom&quot;:&quot;true&quot;,&quot;fullScreen&quot;:&quot;true&quot;,&quot;download&quot;:&quot;true&quot;}}\"><article class=\"wpr-grid-item elementor-clearfix post-2510 post type-post status-publish format-standard has-post-thumbnail hentry category-bilim-dunyasindan\"><div class=\"wpr-grid-item-inner\"><div class=\"wpr-grid-media-wrap wpr-effect-size-medium \" data-overlay-link=\"yes\"><div class=\"wpr-grid-image-wrap\" data-src=\"https:\/\/emocardio.com\/wp-content\/uploads\/2022\/12\/esc.png\" data-img-on-hover=\"\"  data-src-secondary=\"\"><img decoding=\"async\" data-no-lazy=\"1\" src=\"https:\/\/emocardio.com\/wp-content\/uploads\/2022\/12\/esc.png\" alt=\"Avrupa Kardiyoloji Derne\u011fi (ESC) Atriyal Fibrilasyon i\u00e7in Yeni Bir K\u0131lavuz Yay\u0131nlad\u0131\" class=\"wpr-anim-timing-ease-default\"><\/div><div class=\"wpr-grid-media-hover wpr-animation-wrap\"><div class=\"wpr-grid-media-hover-bg  wpr-overlay-fade-in wpr-anim-size-large wpr-anim-timing-ease-default wpr-anim-transparency\" data-url=\"https:\/\/emocardio.com\/?p=2510\"><\/div><\/div><\/div><div class=\"wpr-grid-item-below-content elementor-clearfix\"><h2 class=\"wpr-grid-item-title elementor-repeater-item-be9cfa4 wpr-grid-item-display-block wpr-grid-item-align-left wpr-pointer-none wpr-pointer-line-fx wpr-pointer-fx-fade\"><div class=\"inner-block\"><a target=\"_self\"  href=\"https:\/\/emocardio.com\/?p=2510\">Avrupa Kardiyoloji Derne\u011fi (ESC) Atriyal Fibrilasyon i\u00e7in Yeni Bir K\u0131lavuz Yay\u0131nlad\u0131<\/a><\/div><\/h2><div class=\"wpr-grid-item-date elementor-repeater-item-7a1a465 wpr-grid-item-display-inline wpr-grid-item-align-left\"><div class=\"inner-block\"><span>Aral\u0131k 26, 2022<span class=\"wpr-grid-extra-text-right\">\/<\/span><\/span><\/div><\/div><div class=\"wpr-grid-item-excerpt elementor-repeater-item-50215a5 wpr-grid-item-display-block wpr-grid-item-align-left\"><div class=\"inner-block\"><p>ESC taraf\u0131ndan European Heart Journal\u2019da atriyal fibrilasyon (AF) tedavi se\u00e7enekleri i\u00e7in yeni bir k\u0131lavuz yay\u0131nland\u0131 ve sanal ESC Kongresi\u2019nde sunuldu.&hellip;<\/p><\/div><\/div><div class=\"wpr-grid-item-read-more elementor-repeater-item-71681c4 wpr-grid-item-display-block wpr-grid-item-align-left\"><div class=\"inner-block\"><a target=\"_self\" href=\"https:\/\/emocardio.com\/?p=2510\" class=\"wpr-button-effect wpr-button-none\"><span>Daha fazla<\/span><\/a><\/div><\/div><\/div><\/div><\/article><\/section>\t\t<\/div>\n\t\t\t\t<\/div>\n\t\t\t\t\t<\/div>\n\t\t<\/div>\n\t\t\t\t\t<\/div>\n\t\t<\/section>\n\t\t\t\t<\/div>\n\t\t","protected":false},"excerpt":{"rendered":"<p>Bilim D\u00fcnyas\u0131ndan All Post Bilim D\u00fcnyas\u0131ndan Avrupa Kardiyoloji Derne\u011fi (ESC) Atriyal Fibrilasyon i\u00e7in Yeni Bir K\u0131lavuz Yay\u0131nlad\u0131 Aral\u0131k 26, 2022\/ ESC taraf\u0131ndan European Heart Journal\u2019da atriyal fibrilasyon (AF) tedavi se\u00e7enekleri i\u00e7in yeni bir k\u0131lavuz yay\u0131nland\u0131 ve sanal ESC Kongresi\u2019nde sunuldu.&hellip; Daha fazla<\/p>\n","protected":false},"author":1,"featured_media":0,"parent":0,"menu_order":0,"comment_status":"closed","ping_status":"closed","template":"elementor_canvas","meta":{"footnotes":""},"class_list":["post-2627","page","type-page","status-publish","hentry"],"yoast_head":"<!-- This site is optimized with the Yoast SEO plugin v23.5 - https:\/\/yoast.com\/wordpress\/plugins\/seo\/ -->\r\n<title>Bilim D\u00fcnyas\u0131ndan - EmoCardio<\/title>\r\n<meta name=\"robots\" content=\"index, follow, max-snippet:-1, max-image-preview:large, max-video-preview:-1\" \/>\r\n<link rel=\"canonical\" href=\"https:\/\/emocardio.com\/?page_id=2627\" \/>\r\n<meta property=\"og:locale\" content=\"tr_TR\" \/>\r\n<meta property=\"og:type\" content=\"article\" \/>\r\n<meta property=\"og:title\" content=\"Bilim D\u00fcnyas\u0131ndan - EmoCardio\" \/>\r\n<meta property=\"og:description\" content=\"Bilim D\u00fcnyas\u0131ndan All Post Bilim D\u00fcnyas\u0131ndan Avrupa Kardiyoloji Derne\u011fi (ESC) Atriyal Fibrilasyon i\u00e7in Yeni Bir K\u0131lavuz Yay\u0131nlad\u0131 Aral\u0131k 26, 2022\/ ESC taraf\u0131ndan European Heart Journal\u2019da atriyal fibrilasyon (AF) tedavi se\u00e7enekleri i\u00e7in yeni bir k\u0131lavuz yay\u0131nland\u0131 ve sanal ESC Kongresi\u2019nde sunuldu.&hellip; Daha fazla\" \/>\r\n<meta property=\"og:url\" content=\"https:\/\/emocardio.com\/?page_id=2627\" \/>\r\n<meta property=\"og:site_name\" content=\"EmoCardio\" \/>\r\n<meta property=\"article:publisher\" content=\"https:\/\/www.facebook.com\/eModaYazilim\" \/>\r\n<meta property=\"article:modified_time\" content=\"2023-01-03T10:01:25+00:00\" \/>\r\n<meta property=\"og:image\" content=\"https:\/\/emocardio.com\/wp-content\/uploads\/2022\/12\/esc.png\" \/>\r\n<meta name=\"twitter:card\" content=\"summary_large_image\" \/>\r\n<meta name=\"twitter:site\" content=\"@eModaYazilim\" \/>\r\n<meta name=\"twitter:label1\" content=\"Tahmini okuma s\u00fcresi\" \/>\n\t<meta name=\"twitter:data1\" content=\"1 dakika\" \/>\r\n<script type=\"application\/ld+json\" class=\"yoast-schema-graph\">{\"@context\":\"https:\/\/schema.org\",\"@graph\":[{\"@type\":\"WebPage\",\"@id\":\"https:\/\/emocardio.com\/?page_id=2627\",\"url\":\"https:\/\/emocardio.com\/?page_id=2627\",\"name\":\"Bilim D\u00fcnyas\u0131ndan - EmoCardio\",\"isPartOf\":{\"@id\":\"https:\/\/emocardio.com\/#website\"},\"primaryImageOfPage\":{\"@id\":\"https:\/\/emocardio.com\/?page_id=2627#primaryimage\"},\"image\":{\"@id\":\"https:\/\/emocardio.com\/?page_id=2627#primaryimage\"},\"thumbnailUrl\":\"https:\/\/emocardio.com\/wp-content\/uploads\/2022\/12\/esc.png\",\"datePublished\":\"2022-12-26T14:51:39+00:00\",\"dateModified\":\"2023-01-03T10:01:25+00:00\",\"breadcrumb\":{\"@id\":\"https:\/\/emocardio.com\/?page_id=2627#breadcrumb\"},\"inLanguage\":\"tr\",\"potentialAction\":[{\"@type\":\"ReadAction\",\"target\":[\"https:\/\/emocardio.com\/?page_id=2627\"]}]},{\"@type\":\"ImageObject\",\"inLanguage\":\"tr\",\"@id\":\"https:\/\/emocardio.com\/?page_id=2627#primaryimage\",\"url\":\"https:\/\/emocardio.com\/wp-content\/uploads\/2022\/12\/esc.png\",\"contentUrl\":\"https:\/\/emocardio.com\/wp-content\/uploads\/2022\/12\/esc.png\",\"width\":290,\"height\":174},{\"@type\":\"BreadcrumbList\",\"@id\":\"https:\/\/emocardio.com\/?page_id=2627#breadcrumb\",\"itemListElement\":[{\"@type\":\"ListItem\",\"position\":1,\"name\":\"Anasayfa\",\"item\":\"https:\/\/emocardio.com\/\"},{\"@type\":\"ListItem\",\"position\":2,\"name\":\"Bilim D\u00fcnyas\u0131ndan\"}]},{\"@type\":\"WebSite\",\"@id\":\"https:\/\/emocardio.com\/#website\",\"url\":\"https:\/\/emocardio.com\/\",\"name\":\"EmoCardio\",\"description\":\"\",\"publisher\":{\"@id\":\"https:\/\/emocardio.com\/#organization\"},\"potentialAction\":[{\"@type\":\"SearchAction\",\"target\":{\"@type\":\"EntryPoint\",\"urlTemplate\":\"https:\/\/emocardio.com\/?s={search_term_string}\"},\"query-input\":{\"@type\":\"PropertyValueSpecification\",\"valueRequired\":true,\"valueName\":\"search_term_string\"}}],\"inLanguage\":\"tr\"},{\"@type\":\"Organization\",\"@id\":\"https:\/\/emocardio.com\/#organization\",\"name\":\"EmoCardio\",\"url\":\"https:\/\/emocardio.com\/\",\"logo\":{\"@type\":\"ImageObject\",\"inLanguage\":\"tr\",\"@id\":\"https:\/\/emocardio.com\/#\/schema\/logo\/image\/\",\"url\":\"https:\/\/emocardio.com\/wp-content\/uploads\/2022\/02\/EMODALOGOson.png\",\"contentUrl\":\"https:\/\/emocardio.com\/wp-content\/uploads\/2022\/02\/EMODALOGOson.png\",\"width\":1023,\"height\":267,\"caption\":\"EmoCardio\"},\"image\":{\"@id\":\"https:\/\/emocardio.com\/#\/schema\/logo\/image\/\"},\"sameAs\":[\"https:\/\/www.facebook.com\/eModaYazilim\",\"https:\/\/x.com\/eModaYazilim\",\"https:\/\/www.linkedin.com\/company\/emodasoftware\"]}]}<\/script>\r\n<!-- \/ Yoast SEO plugin. -->","yoast_head_json":{"title":"Bilim D\u00fcnyas\u0131ndan - EmoCardio","robots":{"index":"index","follow":"follow","max-snippet":"max-snippet:-1","max-image-preview":"max-image-preview:large","max-video-preview":"max-video-preview:-1"},"canonical":"https:\/\/emocardio.com\/?page_id=2627","og_locale":"tr_TR","og_type":"article","og_title":"Bilim D\u00fcnyas\u0131ndan - EmoCardio","og_description":"Bilim D\u00fcnyas\u0131ndan All Post Bilim D\u00fcnyas\u0131ndan Avrupa Kardiyoloji Derne\u011fi (ESC) Atriyal Fibrilasyon i\u00e7in Yeni Bir K\u0131lavuz Yay\u0131nlad\u0131 Aral\u0131k 26, 2022\/ ESC taraf\u0131ndan European Heart Journal\u2019da atriyal fibrilasyon (AF) tedavi se\u00e7enekleri i\u00e7in yeni bir k\u0131lavuz yay\u0131nland\u0131 ve sanal ESC Kongresi\u2019nde sunuldu.&hellip; Daha fazla","og_url":"https:\/\/emocardio.com\/?page_id=2627","og_site_name":"EmoCardio","article_publisher":"https:\/\/www.facebook.com\/eModaYazilim","article_modified_time":"2023-01-03T10:01:25+00:00","og_image":[{"url":"https:\/\/emocardio.com\/wp-content\/uploads\/2022\/12\/esc.png"}],"twitter_card":"summary_large_image","twitter_site":"@eModaYazilim","twitter_misc":{"Tahmini okuma s\u00fcresi":"1 dakika"},"schema":{"@context":"https:\/\/schema.org","@graph":[{"@type":"WebPage","@id":"https:\/\/emocardio.com\/?page_id=2627","url":"https:\/\/emocardio.com\/?page_id=2627","name":"Bilim D\u00fcnyas\u0131ndan - EmoCardio","isPartOf":{"@id":"https:\/\/emocardio.com\/#website"},"primaryImageOfPage":{"@id":"https:\/\/emocardio.com\/?page_id=2627#primaryimage"},"image":{"@id":"https:\/\/emocardio.com\/?page_id=2627#primaryimage"},"thumbnailUrl":"https:\/\/emocardio.com\/wp-content\/uploads\/2022\/12\/esc.png","datePublished":"2022-12-26T14:51:39+00:00","dateModified":"2023-01-03T10:01:25+00:00","breadcrumb":{"@id":"https:\/\/emocardio.com\/?page_id=2627#breadcrumb"},"inLanguage":"tr","potentialAction":[{"@type":"ReadAction","target":["https:\/\/emocardio.com\/?page_id=2627"]}]},{"@type":"ImageObject","inLanguage":"tr","@id":"https:\/\/emocardio.com\/?page_id=2627#primaryimage","url":"https:\/\/emocardio.com\/wp-content\/uploads\/2022\/12\/esc.png","contentUrl":"https:\/\/emocardio.com\/wp-content\/uploads\/2022\/12\/esc.png","width":290,"height":174},{"@type":"BreadcrumbList","@id":"https:\/\/emocardio.com\/?page_id=2627#breadcrumb","itemListElement":[{"@type":"ListItem","position":1,"name":"Anasayfa","item":"https:\/\/emocardio.com\/"},{"@type":"ListItem","position":2,"name":"Bilim D\u00fcnyas\u0131ndan"}]},{"@type":"WebSite","@id":"https:\/\/emocardio.com\/#website","url":"https:\/\/emocardio.com\/","name":"EmoCardio","description":"","publisher":{"@id":"https:\/\/emocardio.com\/#organization"},"potentialAction":[{"@type":"SearchAction","target":{"@type":"EntryPoint","urlTemplate":"https:\/\/emocardio.com\/?s={search_term_string}"},"query-input":{"@type":"PropertyValueSpecification","valueRequired":true,"valueName":"search_term_string"}}],"inLanguage":"tr"},{"@type":"Organization","@id":"https:\/\/emocardio.com\/#organization","name":"EmoCardio","url":"https:\/\/emocardio.com\/","logo":{"@type":"ImageObject","inLanguage":"tr","@id":"https:\/\/emocardio.com\/#\/schema\/logo\/image\/","url":"https:\/\/emocardio.com\/wp-content\/uploads\/2022\/02\/EMODALOGOson.png","contentUrl":"https:\/\/emocardio.com\/wp-content\/uploads\/2022\/02\/EMODALOGOson.png","width":1023,"height":267,"caption":"EmoCardio"},"image":{"@id":"https:\/\/emocardio.com\/#\/schema\/logo\/image\/"},"sameAs":["https:\/\/www.facebook.com\/eModaYazilim","https:\/\/x.com\/eModaYazilim","https:\/\/www.linkedin.com\/company\/emodasoftware"]}]}},"_links":{"self":[{"href":"https:\/\/emocardio.com\/index.php?rest_route=\/wp\/v2\/pages\/2627","targetHints":{"allow":["GET"]}}],"collection":[{"href":"https:\/\/emocardio.com\/index.php?rest_route=\/wp\/v2\/pages"}],"about":[{"href":"https:\/\/emocardio.com\/index.php?rest_route=\/wp\/v2\/types\/page"}],"author":[{"embeddable":true,"href":"https:\/\/emocardio.com\/index.php?rest_route=\/wp\/v2\/users\/1"}],"replies":[{"embeddable":true,"href":"https:\/\/emocardio.com\/index.php?rest_route=%2Fwp%2Fv2%2Fcomments&post=2627"}],"version-history":[{"count":17,"href":"https:\/\/emocardio.com\/index.php?rest_route=\/wp\/v2\/pages\/2627\/revisions"}],"predecessor-version":[{"id":2918,"href":"https:\/\/emocardio.com\/index.php?rest_route=\/wp\/v2\/pages\/2627\/revisions\/2918"}],"wp:attachment":[{"href":"https:\/\/emocardio.com\/index.php?rest_route=%2Fwp%2Fv2%2Fmedia&parent=2627"}],"curies":[{"name":"wp","href":"https:\/\/api.w.org\/{rel}","templated":true}]}}